{"id":14323,"date":"2026-01-15T16:39:07","date_gmt":"2026-01-15T15:39:07","guid":{"rendered":"https:\/\/polsca.pan.pl\/en\/?post_type=tribe_events&#038;p=14323"},"modified":"2026-01-15T16:42:03","modified_gmt":"2026-01-15T15:42:03","slug":"new-years-lunch-for-the-polish-community-active-in-brussels-in-the-field-of-science-policy","status":"publish","type":"tribe_events","link":"https:\/\/polsca.pan.pl\/en\/events\/new-years-lunch-for-the-polish-community-active-in-brussels-in-the-field-of-science-policy\/","title":{"rendered":"PolSCA Connects Brussels! New Year&#8217;s lunch for the Polish community active in Brussels in the field of science policy"},"content":{"rendered":"<div class=\"tribe-events-schedule tribe-clearfix\">\n\t<h2 class=\"tribe-events-schedule__datetime\">\n\t\t<span class=\"tribe-events-schedule__date tribe-events-schedule__date--start\">\n\t\t\tFebruary 6\t\t<\/span>\n\n\t\t\t\t\t<span class=\"tribe-events-schedule__separator tribe-events-schedule__separator--date\">\n\t\t\t\t  \t\t\t<\/span>\n\t\t\t<span class=\"tribe-events-schedule__time tribe-events-schedule__time--start\">\n\t\t\t\t13:00\t\t\t<\/span>\n\t\t\n\t\t\t\t\t\t\t\t\t<span class=\"tribe-events-schedule__separator tribe-events-schedule__separator--time\">\n\t\t\t\t\t &#8211; \t\t\t\t<\/span>\n\t\t\t\n\t\t\t\t\t\t\t<span class=\"tribe-events-schedule__time tribe-events-schedule__time--end\">\n\t\t\t\t\t15:00\t\t\t\t<\/span>\n\t\t\t\n\t\t\t\t\t\t<\/h2>\n<\/div>\n\n\n\n<figure class=\"wp-block-image size-large\"><img loading=\"lazy\" width=\"1024\" height=\"256\" src=\"https:\/\/polsca.pan.pl\/wp-content\/uploads\/PolSCA-Connects-Brussels_baner-1024x256.png\" alt=\"\" class=\"wp-image-14314\" srcset=\"https:\/\/polsca.pan.pl\/wp-content\/uploads\/PolSCA-Connects-Brussels_baner-1024x256.png 1024w, https:\/\/polsca.pan.pl\/wp-content\/uploads\/PolSCA-Connects-Brussels_baner-300x75.png 300w, https:\/\/polsca.pan.pl\/wp-content\/uploads\/PolSCA-Connects-Brussels_baner-1536x384.png 1536w, https:\/\/polsca.pan.pl\/wp-content\/uploads\/PolSCA-Connects-Brussels_baner.png 1600w\" sizes=\"(max-width: 1024px) 100vw, 1024px\" \/><\/figure>\n\n\n\n<p><\/p>\n\n\n\n<p class=\"has-drop-cap has-pale-cyan-blue-background-color has-background\">These meetings will be dedicated to Poles working in Brussels in the field of science policy \u2013 in EU institutions and organisations and entities related to the European research and innovation ecosystem. As part of this series, we want to encourage professional networking, support the exchange of contacts and strengthen cooperation among Polish experts and practitioners involved in shaping European science policy in a pleasant and relaxed atmosphere.<\/p>\n\n\n\n<p>At the same time, we would like to invite selected guests \u2013 including scientists from Poland \u2013 to participate in these informal meetings, who will tell us about their research and current challenges facing Europe in the form of lightning talks. This time, we will look at how new technologies are changing the approach to cultural heritage. Our special guest will be <strong>dr \u017baneta \u017begle\u0144 (Jagiellonian University in Krakow)<\/strong>, coordinator of the <a rel=\"noreferrer noopener\" href=\"https:\/\/maius.uj.edu.pl\/en_GB\/edukacja\/projekty-badawcze\/impulse\" data-type=\"URL\" data-id=\"https:\/\/maius.uj.edu.pl\/en_GB\/edukacja\/projekty-badawcze\/impulse\" target=\"_blank\"><mark style=\"background-color:rgba(0, 0, 0, 0)\" class=\"has-inline-color has-pale-cyan-blue-color\">IMPULSE<\/mark><\/a> project.<\/p>\n\n\n\n<p class=\"has-pale-cyan-blue-background-color has-background\">Due to the closed nature of the event, participation is only possible for invited guests.<\/p>\n\n\n\n<p><\/p>\n","protected":false},"excerpt":{"rendered":"<p>These meetings will be dedicated to Poles working in Brussels in the field of science policy \u2013 in EU institutions and organisations and entities related to the European research and [&hellip;]<\/p>\n","protected":false},"author":3,"featured_media":0,"comment_status":"closed","ping_status":"closed","template":"","meta":{"_EventAllDay":false,"_EventTimezone":"Europe\/Warsaw","_EventStartDate":"2026-02-06 13:00:00","_EventEndDate":"2026-02-06 15:00:00","_EventStartDateUTC":"2026-01-15 07:00:00","_EventEndDateUTC":"2026-01-15 16:00:00","_EventShowMap":true,"_EventShowMapLink":true,"_EventURL":"","_EventCost":"","_EventCostDescription":"","_EventCurrencySymbol":"$","_EventCurrencyPosition":"prefix","_EventDateTimeSeparator":"  ","_EventTimeRangeSeparator":" - ","_EventOrganizerID":[14324],"_EventVenueID":1215,"_OrganizerEmail":"","_OrganizerPhone":"","_OrganizerWebsite":"","_VenueAddress":"","_VenueCity":"","_VenueCountry":"","_VenueProvince":"","_VenueZip":"","_VenuePhone":"","_VenueURL":"","_VenueStateProvince":"","_VenueLat":"","_VenueLng":"","_tribe_blocks_recurrence_rules":"","_tribe_blocks_recurrence_exclusions":"","_tribe_blocks_recurrence_description":"","_ecp_custom_2":"","_ecp_custom_3":"","_ecp_custom_4":"","_ecp_custom_5":"","_ecp_custom_6":"","_ecp_custom_7":""},"tags":[],"tribe_events_cat":[],"_links":{"self":[{"href":"https:\/\/polsca.pan.pl\/en\/wp-json\/wp\/v2\/tribe_events\/14323"}],"collection":[{"href":"https:\/\/polsca.pan.pl\/en\/wp-json\/wp\/v2\/tribe_events"}],"about":[{"href":"https:\/\/polsca.pan.pl\/en\/wp-json\/wp\/v2\/types\/tribe_events"}],"author":[{"embeddable":true,"href":"https:\/\/polsca.pan.pl\/en\/wp-json\/wp\/v2\/users\/3"}],"replies":[{"embeddable":true,"href":"https:\/\/polsca.pan.pl\/en\/wp-json\/wp\/v2\/comments?post=14323"}],"version-history":[{"count":3,"href":"https:\/\/polsca.pan.pl\/en\/wp-json\/wp\/v2\/tribe_events\/14323\/revisions"}],"predecessor-version":[{"id":14328,"href":"https:\/\/polsca.pan.pl\/en\/wp-json\/wp\/v2\/tribe_events\/14323\/revisions\/14328"}],"wp:attachment":[{"href":"https:\/\/polsca.pan.pl\/en\/wp-json\/wp\/v2\/media?parent=14323"}],"wp:term":[{"taxonomy":"post_tag","embeddable":true,"href":"https:\/\/polsca.pan.pl\/en\/wp-json\/wp\/v2\/tags?post=14323"},{"taxonomy":"tribe_events_cat","embeddable":true,"href":"https:\/\/polsca.pan.pl\/en\/wp-json\/wp\/v2\/tribe_events_cat?post=14323"}],"curies":[{"name":"wp","href":"https:\/\/api.w.org\/{rel}","templated":true}]}}

<div class="tribe-events-schedule tribe-clearfix">
	<h2 class="tribe-events-schedule__datetime">
		<span class="tribe-events-schedule__date tribe-events-schedule__date--start">
			February 6		</span>

					<span class="tribe-events-schedule__separator tribe-events-schedule__separator--date">
				  			</span>
			<span class="tribe-events-schedule__time tribe-events-schedule__time--start">
				13:00			</span>
		
									<span class="tribe-events-schedule__separator tribe-events-schedule__separator--time">
					 &#8211; 				</span>
			
							<span class="tribe-events-schedule__time tribe-events-schedule__time--end">
					15:00				</span>
			
						</h2>
</div>



<figure class="wp-block-image size-large"><img loading="lazy" width="1024" height="256" src="https://polsca.pan.pl/wp-content/uploads/PolSCA-Connects-Brussels_baner-1024x256.png" alt="" class="wp-image-14314" srcset="https://polsca.pan.pl/wp-content/uploads/PolSCA-Connects-Brussels_baner-1024x256.png 1024w, https://polsca.pan.pl/wp-content/uploads/PolSCA-Connects-Brussels_baner-300x75.png 300w, https://polsca.pan.pl/wp-content/uploads/PolSCA-Connects-Brussels_baner-1536x384.png 1536w, https://polsca.pan.pl/wp-content/uploads/PolSCA-Connects-Brussels_baner.png 1600w" sizes="(max-width: 1024px) 100vw, 1024px" /></figure>



<p></p>



<p class="has-drop-cap has-pale-cyan-blue-background-color has-background">These meetings will be dedicated to Poles working in Brussels in the field of science policy – in EU institutions and organisations and entities related to the European research and innovation ecosystem. As part of this series, we want to encourage professional networking, support the exchange of contacts and strengthen cooperation among Polish experts and practitioners involved in shaping European science policy in a pleasant and relaxed atmosphere.</p>



<p>At the same time, we would like to invite selected guests – including scientists from Poland – to participate in these informal meetings, who will tell us about their research and current challenges facing Europe in the form of lightning talks. This time, we will look at how new technologies are changing the approach to cultural heritage. Our special guest will be <strong>dr Żaneta Żegleń (Jagiellonian University in Krakow)</strong>, coordinator of the <a rel="noreferrer noopener" href="https://maius.uj.edu.pl/en_GB/edukacja/projekty-badawcze/impulse" data-type="URL" data-id="https://maius.uj.edu.pl/en_GB/edukacja/projekty-badawcze/impulse" target="_blank"><mark style="background-color:rgba(0, 0, 0, 0)" class="has-inline-color has-pale-cyan-blue-color">IMPULSE</mark></a> project.</p>



<p class="has-pale-cyan-blue-background-color has-background">Due to the closed nature of the event, participation is only possible for invited guests.</p>



<p></p>
