{"id":371,"date":"2012-10-02T00:00:00","date_gmt":"2012-10-02T00:00:00","guid":{"rendered":"http:\/\/polsca.pan.pl\/?post_type=tribe_events&amp;p=371"},"modified":"2012-10-02T00:00:00","modified_gmt":"2012-10-02T00:00:00","slug":"urban-biodiversity-and-gr","status":"publish","type":"tribe_events","link":"https:\/\/polsca.pan.pl\/en\/events\/urban-biodiversity-and-gr\/","title":{"rendered":"Urban biodiversity and green infrastructure"},"content":{"rendered":"<p>Speakers:<br \/>\n<a href=\"\/ppt\/121002\/BS.pdf\">Barbara Szulczewska, <\/a>Warsaw University of Life Sciences, Poland; <br \/>\n<a href=\"\/ppt\/121002\/TJ.pdf\">Tomasz Jelenski, <\/a>Cracow University of Technology, Poland; <br \/>\n<a href=\"\/ppt\/121002\/IW.pdf\">Iwona Wagner, <\/a>University of \u0141\u00f3d\u017a, European Regional Centre for Ecohydrology under the auspices of UNESCO (ERCE), Poland<br \/>\n<a href=\"\/ppt\/121002\/HBS.pdf\">Barbara Kluza, <\/a>Institute of Spatial Management and Housing, Warsaw, Poland; <br \/>\n<a href=\"\/ppt\/121002\/AK.pdf\">Astrid Kaemena, <\/a>Research Programme Officer, DG Research and Innovation, European Commission, Brussels<\/p>\n","protected":false},"excerpt":{"rendered":"<p>Speakers: Barbara Szulczewska, Warsaw University of Life Sciences, Poland; Tomasz Jelenski, Cracow University of Technology, Poland; Iwona Wagner, University of \u0141\u00f3d\u017a, European Regional Centre for Ecohydrology under the auspices of [&hellip;]<\/p>\n","protected":false},"author":3,"featured_media":0,"comment_status":"close","ping_status":"close","template":"","meta":{"_EventAllDay":false,"_EventTimezone":"UTC+0","_EventStartDate":"2012-10-02 00:00:00","_EventEndDate":"2012-10-02 03:00:00","_EventStartDateUTC":"2016-02-12 09:25:14","_EventEndDateUTC":"2016-02-12 12:25:14","_EventShowMap":false,"_EventShowMapLink":false,"_EventURL":"","_EventCost":"","_EventCostDescription":"","_EventCurrencySymbol":"","_EventCurrencyPosition":"prefix","_EventDateTimeSeparator":"","_EventTimeRangeSeparator":"","_EventOrganizerID":[null],"_EventVenueID":null,"_OrganizerEmail":"","_OrganizerPhone":"","_OrganizerWebsite":"","_VenueAddress":"","_VenueCity":"","_VenueCountry":"","_VenueProvince":"","_VenueZip":"","_VenuePhone":"","_VenueURL":"","_VenueStateProvince":"","_VenueLat":"","_VenueLng":"","_tribe_blocks_recurrence_rules":"","_tribe_blocks_recurrence_exclusions":"","_tribe_blocks_recurrence_description":"","_ecp_custom_2":"","_ecp_custom_3":"","_ecp_custom_4":"","_ecp_custom_5":"","_ecp_custom_6":"","_ecp_custom_7":""},"tags":[],"tribe_events_cat":[38],"_links":{"self":[{"href":"https:\/\/polsca.pan.pl\/en\/wp-json\/wp\/v2\/tribe_events\/371"}],"collection":[{"href":"https:\/\/polsca.pan.pl\/en\/wp-json\/wp\/v2\/tribe_events"}],"about":[{"href":"https:\/\/polsca.pan.pl\/en\/wp-json\/wp\/v2\/types\/tribe_events"}],"author":[{"embeddable":true,"href":"https:\/\/polsca.pan.pl\/en\/wp-json\/wp\/v2\/users\/3"}],"replies":[{"embeddable":true,"href":"https:\/\/polsca.pan.pl\/en\/wp-json\/wp\/v2\/comments?post=371"}],"version-history":[{"count":0,"href":"https:\/\/polsca.pan.pl\/en\/wp-json\/wp\/v2\/tribe_events\/371\/revisions"}],"wp:attachment":[{"href":"https:\/\/polsca.pan.pl\/en\/wp-json\/wp\/v2\/media?parent=371"}],"wp:term":[{"taxonomy":"post_tag","embeddable":true,"href":"https:\/\/polsca.pan.pl\/en\/wp-json\/wp\/v2\/tags?post=371"},{"taxonomy":"tribe_events_cat","embeddable":true,"href":"https:\/\/polsca.pan.pl\/en\/wp-json\/wp\/v2\/tribe_events_cat?post=371"}],"curies":[{"name":"wp","href":"https:\/\/api.w.org\/{rel}","templated":true}]}}

<p>Speakers:<br />
<a href="/ppt/121002/BS.pdf">Barbara Szulczewska, </a>Warsaw University of Life Sciences, Poland; <br />
<a href="/ppt/121002/TJ.pdf">Tomasz Jelenski, </a>Cracow University of Technology, Poland; <br />
<a href="/ppt/121002/IW.pdf">Iwona Wagner, </a>University of Łódź, European Regional Centre for Ecohydrology under the auspices of UNESCO (ERCE), Poland<br />
<a href="/ppt/121002/HBS.pdf">Barbara Kluza, </a>Institute of Spatial Management and Housing, Warsaw, Poland; <br />
<a href="/ppt/121002/AK.pdf">Astrid Kaemena, </a>Research Programme Officer, DG Research and Innovation, European Commission, Brussels</p>

<p>Speakers: Barbara Szulczewska, Warsaw University of Life Sciences, Poland; Tomasz Jelenski, Cracow University of Technology, Poland; Iwona Wagner, University of Łódź, European Regional Centre for Ecohydrology under the auspices of [&hellip;]</p>
