{"id":445,"date":"2008-06-11T00:00:00","date_gmt":"2008-06-11T00:00:00","guid":{"rendered":"http:\/\/polsca.pan.pl\/?post_type=tribe_events&amp;p=445"},"modified":"2008-06-11T00:00:00","modified_gmt":"2008-06-11T00:00:00","slug":"sustainable-urban-develop","status":"publish","type":"tribe_events","link":"https:\/\/polsca.pan.pl\/en\/events\/sustainable-urban-develop\/","title":{"rendered":"Sustainable Urban Development"},"content":{"rendered":"<p>Speakers:<br \/>\nMr. Pierre Mathy, DG RTD, Head of Unit &#8220;Management of Natural Resources&#8221;<br \/>\nProf. Nina Juzwa, Faculty of Architecture <i>Silesian University of Technology<\/i><\/br ><br \/>\nDr. in\u017c. Piotr Lorens, Faculty of Architecture <i>Gda\u00f1sk University of Technology<\/i><\/br><br \/>\nProf. Andrzej Baranowski, Faculty of Architecture <i>Gda\u00f1sk University of Technology<\/i><\/br><br \/>\nMr. Walter Hecq, Universit\u00e9 Libre de Bruxelles (U.L.B.) <i>Centre d&#8217;\u00c9tudes \u00c9conomiques et Sociales de l&#8217;Environnement<\/p>\n<p>(CEESE)<\/i><\/br><\/p>\n","protected":false},"excerpt":{"rendered":"<p>Speakers: Mr. Pierre Mathy, DG RTD, Head of Unit &#8220;Management of Natural Resources&#8221; Prof. Nina Juzwa, Faculty of Architecture Silesian University of Technology Dr. in\u017c. Piotr Lorens, Faculty of Architecture [&hellip;]<\/p>\n","protected":false},"author":3,"featured_media":0,"comment_status":"close","ping_status":"close","template":"","meta":{"_EventAllDay":false,"_EventTimezone":"UTC+0","_EventStartDate":"2008-06-11 00:00:00","_EventEndDate":"2008-06-11 03:00:00","_EventStartDateUTC":"2016-02-12 09:25:14","_EventEndDateUTC":"2016-02-12 12:25:14","_EventShowMap":false,"_EventShowMapLink":false,"_EventURL":"","_EventCost":"","_EventCostDescription":"","_EventCurrencySymbol":"","_EventCurrencyPosition":"prefix","_EventDateTimeSeparator":"","_EventTimeRangeSeparator":"","_EventOrganizerID":[null],"_EventVenueID":null,"_OrganizerEmail":"","_OrganizerPhone":"","_OrganizerWebsite":"","_VenueAddress":"","_VenueCity":"","_VenueCountry":"","_VenueProvince":"","_VenueZip":"","_VenuePhone":"","_VenueURL":"","_VenueStateProvince":"","_VenueLat":"","_VenueLng":"","_tribe_blocks_recurrence_rules":"","_tribe_blocks_recurrence_exclusions":"","_tribe_blocks_recurrence_description":"","_ecp_custom_2":"","_ecp_custom_3":"","_ecp_custom_4":"","_ecp_custom_5":"","_ecp_custom_6":"","_ecp_custom_7":""},"tags":[],"tribe_events_cat":[38],"_links":{"self":[{"href":"https:\/\/polsca.pan.pl\/en\/wp-json\/wp\/v2\/tribe_events\/445"}],"collection":[{"href":"https:\/\/polsca.pan.pl\/en\/wp-json\/wp\/v2\/tribe_events"}],"about":[{"href":"https:\/\/polsca.pan.pl\/en\/wp-json\/wp\/v2\/types\/tribe_events"}],"author":[{"embeddable":true,"href":"https:\/\/polsca.pan.pl\/en\/wp-json\/wp\/v2\/users\/3"}],"replies":[{"embeddable":true,"href":"https:\/\/polsca.pan.pl\/en\/wp-json\/wp\/v2\/comments?post=445"}],"version-history":[{"count":0,"href":"https:\/\/polsca.pan.pl\/en\/wp-json\/wp\/v2\/tribe_events\/445\/revisions"}],"wp:attachment":[{"href":"https:\/\/polsca.pan.pl\/en\/wp-json\/wp\/v2\/media?parent=445"}],"wp:term":[{"taxonomy":"post_tag","embeddable":true,"href":"https:\/\/polsca.pan.pl\/en\/wp-json\/wp\/v2\/tags?post=445"},{"taxonomy":"tribe_events_cat","embeddable":true,"href":"https:\/\/polsca.pan.pl\/en\/wp-json\/wp\/v2\/tribe_events_cat?post=445"}],"curies":[{"name":"wp","href":"https:\/\/api.w.org\/{rel}","templated":true}]}}

<p>Speakers:<br />
Mr. Pierre Mathy, DG RTD, Head of Unit &#8220;Management of Natural Resources&#8221;<br />
Prof. Nina Juzwa, Faculty of Architecture <i>Silesian University of Technology</i></br ><br />
Dr. inż. Piotr Lorens, Faculty of Architecture <i>Gdañsk University of Technology</i></br><br />
Prof. Andrzej Baranowski, Faculty of Architecture <i>Gdañsk University of Technology</i></br><br />
Mr. Walter Hecq, Université Libre de Bruxelles (U.L.B.) <i>Centre d&#8217;Études Économiques et Sociales de l&#8217;Environnement</p>
<p>(CEESE)</i></br></p>

<p>Speakers: Mr. Pierre Mathy, DG RTD, Head of Unit &#8220;Management of Natural Resources&#8221; Prof. Nina Juzwa, Faculty of Architecture Silesian University of Technology Dr. inż. Piotr Lorens, Faculty of Architecture [&hellip;]</p>
