{"id":554,"date":"2008-06-04T00:00:00","date_gmt":"2008-06-04T00:00:00","guid":{"rendered":"http:\/\/polsca.pan.pl\/?post_type=tribe_events&amp;p=554"},"modified":"2008-06-04T00:00:00","modified_gmt":"2008-06-04T00:00:00","slug":"hybrid-bus-vs-climate-ch-2","status":"publish","type":"tribe_events","link":"https:\/\/polsca.pan.pl\/en\/events\/hybrid-bus-vs-climate-ch-2\/","title":{"rendered":"Hybrid Bus vs. Climate Change"},"content":{"rendered":"<p>Speakers:<br \/>\nMr. Andras Siegler, DG RTD, Director responsible for Transport <br \/>\nDr. hab. in\u017c. Zdzis\u0142aw Ch\u0142opek, <i>Institute of Vehicles, <\/i>, Warsaw University of Technology <br \/>\nDr. in\u017c. Andrzej Urbanik, <i>Secretary General of the Polish Road Technology Platform, <\/i>, Road and Bridge Research Institute <br \/>\nMr. Wolfgang Presinger, Solaris Bus &#038; Coach S.A. <br \/>\nMr. S\u0142awomir Jarz?bkowski, Solaris Bus &#038; Coach S.A. <br \/>\nMs. Anna Pytko, Deputy Director, National Contact Point for FP7 <br \/>\nMr. Zbigniew Turek, Coordinator, National Contact Point for FP7 <\/p>\n","protected":false},"excerpt":{"rendered":"<p>Speakers: Mr. Andras Siegler, DG RTD, Director responsible for Transport Dr. hab. in\u017c. Zdzis\u0142aw Ch\u0142opek, Institute of Vehicles, , Warsaw University of Technology Dr. in\u017c. Andrzej Urbanik, Secretary General of [&hellip;]<\/p>\n","protected":false},"author":3,"featured_media":0,"comment_status":"close","ping_status":"close","template":"","meta":{"_EventAllDay":false,"_EventTimezone":"UTC+0","_EventStartDate":"2008-06-04 00:00:00","_EventEndDate":"2008-06-04 03:00:00","_EventStartDateUTC":"2016-02-12 09:25:14","_EventEndDateUTC":"2016-02-12 12:25:14","_EventShowMap":false,"_EventShowMapLink":false,"_EventURL":"","_EventCost":"","_EventCostDescription":"","_EventCurrencySymbol":"","_EventCurrencyPosition":"prefix","_EventDateTimeSeparator":"","_EventTimeRangeSeparator":"","_EventOrganizerID":[null],"_EventVenueID":null,"_OrganizerEmail":"","_OrganizerPhone":"","_OrganizerWebsite":"","_VenueAddress":"","_VenueCity":"","_VenueCountry":"","_VenueProvince":"","_VenueZip":"","_VenuePhone":"","_VenueURL":"","_VenueStateProvince":"","_VenueLat":"","_VenueLng":"","_tribe_blocks_recurrence_rules":"","_tribe_blocks_recurrence_exclusions":"","_tribe_blocks_recurrence_description":"","_ecp_custom_2":"","_ecp_custom_3":"","_ecp_custom_4":"","_ecp_custom_5":"","_ecp_custom_6":"","_ecp_custom_7":""},"tags":[],"tribe_events_cat":[38],"_links":{"self":[{"href":"https:\/\/polsca.pan.pl\/en\/wp-json\/wp\/v2\/tribe_events\/554"}],"collection":[{"href":"https:\/\/polsca.pan.pl\/en\/wp-json\/wp\/v2\/tribe_events"}],"about":[{"href":"https:\/\/polsca.pan.pl\/en\/wp-json\/wp\/v2\/types\/tribe_events"}],"author":[{"embeddable":true,"href":"https:\/\/polsca.pan.pl\/en\/wp-json\/wp\/v2\/users\/3"}],"replies":[{"embeddable":true,"href":"https:\/\/polsca.pan.pl\/en\/wp-json\/wp\/v2\/comments?post=554"}],"version-history":[{"count":0,"href":"https:\/\/polsca.pan.pl\/en\/wp-json\/wp\/v2\/tribe_events\/554\/revisions"}],"wp:attachment":[{"href":"https:\/\/polsca.pan.pl\/en\/wp-json\/wp\/v2\/media?parent=554"}],"wp:term":[{"taxonomy":"post_tag","embeddable":true,"href":"https:\/\/polsca.pan.pl\/en\/wp-json\/wp\/v2\/tags?post=554"},{"taxonomy":"tribe_events_cat","embeddable":true,"href":"https:\/\/polsca.pan.pl\/en\/wp-json\/wp\/v2\/tribe_events_cat?post=554"}],"curies":[{"name":"wp","href":"https:\/\/api.w.org\/{rel}","templated":true}]}}

<p>Speakers:<br />
Mr. Andras Siegler, DG RTD, Director responsible for Transport <br />
Dr. hab. inż. Zdzisław Chłopek, <i>Institute of Vehicles, </i>, Warsaw University of Technology <br />
Dr. inż. Andrzej Urbanik, <i>Secretary General of the Polish Road Technology Platform, </i>, Road and Bridge Research Institute <br />
Mr. Wolfgang Presinger, Solaris Bus &#038; Coach S.A. <br />
Mr. Sławomir Jarz?bkowski, Solaris Bus &#038; Coach S.A. <br />
Ms. Anna Pytko, Deputy Director, National Contact Point for FP7 <br />
Mr. Zbigniew Turek, Coordinator, National Contact Point for FP7 </p>

<p>Speakers: Mr. Andras Siegler, DG RTD, Director responsible for Transport Dr. hab. inż. Zdzisław Chłopek, Institute of Vehicles, , Warsaw University of Technology Dr. inż. Andrzej Urbanik, Secretary General of [&hellip;]</p>
