{"id":564,"date":"2008-03-17T00:00:00","date_gmt":"2008-03-17T00:00:00","guid":{"rendered":"http:\/\/polsca.pan.pl\/?post_type=tribe_events&amp;p=564"},"modified":"2008-03-17T00:00:00","modified_gmt":"2008-03-17T00:00:00","slug":"micro-and-nanotechnologie-2","status":"publish","type":"tribe_events","link":"https:\/\/polsca.pan.pl\/en\/events\/micro-and-nanotechnologie-2\/","title":{"rendered":"Micro and Nanotechnologies in ICT"},"content":{"rendered":"<p>Speakers:<br \/>\nMr. Francisco Ibanez Gallardo, DG INFSO,<i> Unit Microsystems, Principal Project Officer, Deputy Head of Unit<\/i><br \/>\nMs. Isabel Vergara, DG INFSO, <i>Unit Nanoelectronics, Scientific Oficer Unit Nanoelectronics<\/i><br \/>\nMr. Henri Rajbenbach, DG INFSO, <i>Unit Microsystems, Scientific \/ Technical Project Officer<\/i><br \/>\nDr in\u017c. Piotr Grabiec &#8211; <i>Institute of Electron Technology, Warsaw<\/i><br \/>\nDr hab. Per\u0142a Kacman &#8211; <i>Institute of Physics, Polish Academy of Sciences, Warsaw<\/i><br \/>\nDr. Przemys\u0142aw S\u00eakalski &#8211; <i>Technical University of L\u00f3dz<\/i><br \/>\nGuests:<br \/>\nProf. Roger De Keersmaecker, IMEC, Leuven<\/p>\n","protected":false},"excerpt":{"rendered":"<p>Speakers: Mr. Francisco Ibanez Gallardo, DG INFSO, Unit Microsystems, Principal Project Officer, Deputy Head of Unit Ms. Isabel Vergara, DG INFSO, Unit Nanoelectronics, Scientific Oficer Unit Nanoelectronics Mr. Henri Rajbenbach, [&hellip;]<\/p>\n","protected":false},"author":3,"featured_media":0,"comment_status":"close","ping_status":"close","template":"","meta":{"_EventAllDay":false,"_EventTimezone":"UTC+0","_EventStartDate":"2008-03-17 00:00:00","_EventEndDate":"2008-03-17 03:00:00","_EventStartDateUTC":"2016-02-12 09:25:14","_EventEndDateUTC":"2016-02-12 12:25:14","_EventShowMap":false,"_EventShowMapLink":false,"_EventURL":"","_EventCost":"","_EventCostDescription":"","_EventCurrencySymbol":"","_EventCurrencyPosition":"prefix","_EventDateTimeSeparator":"","_EventTimeRangeSeparator":"","_EventOrganizerID":[null],"_EventVenueID":null,"_OrganizerEmail":"","_OrganizerPhone":"","_OrganizerWebsite":"","_VenueAddress":"","_VenueCity":"","_VenueCountry":"","_VenueProvince":"","_VenueZip":"","_VenuePhone":"","_VenueURL":"","_VenueStateProvince":"","_VenueLat":"","_VenueLng":"","_tribe_blocks_recurrence_rules":"","_tribe_blocks_recurrence_exclusions":"","_tribe_blocks_recurrence_description":"","_ecp_custom_2":"","_ecp_custom_3":"","_ecp_custom_4":"","_ecp_custom_5":"","_ecp_custom_6":"","_ecp_custom_7":""},"tags":[],"tribe_events_cat":[38],"_links":{"self":[{"href":"https:\/\/polsca.pan.pl\/en\/wp-json\/wp\/v2\/tribe_events\/564"}],"collection":[{"href":"https:\/\/polsca.pan.pl\/en\/wp-json\/wp\/v2\/tribe_events"}],"about":[{"href":"https:\/\/polsca.pan.pl\/en\/wp-json\/wp\/v2\/types\/tribe_events"}],"author":[{"embeddable":true,"href":"https:\/\/polsca.pan.pl\/en\/wp-json\/wp\/v2\/users\/3"}],"replies":[{"embeddable":true,"href":"https:\/\/polsca.pan.pl\/en\/wp-json\/wp\/v2\/comments?post=564"}],"version-history":[{"count":0,"href":"https:\/\/polsca.pan.pl\/en\/wp-json\/wp\/v2\/tribe_events\/564\/revisions"}],"wp:attachment":[{"href":"https:\/\/polsca.pan.pl\/en\/wp-json\/wp\/v2\/media?parent=564"}],"wp:term":[{"taxonomy":"post_tag","embeddable":true,"href":"https:\/\/polsca.pan.pl\/en\/wp-json\/wp\/v2\/tags?post=564"},{"taxonomy":"tribe_events_cat","embeddable":true,"href":"https:\/\/polsca.pan.pl\/en\/wp-json\/wp\/v2\/tribe_events_cat?post=564"}],"curies":[{"name":"wp","href":"https:\/\/api.w.org\/{rel}","templated":true}]}}

<p>Speakers:<br />
Mr. Francisco Ibanez Gallardo, DG INFSO,<i> Unit Microsystems, Principal Project Officer, Deputy Head of Unit</i><br />
Ms. Isabel Vergara, DG INFSO, <i>Unit Nanoelectronics, Scientific Oficer Unit Nanoelectronics</i><br />
Mr. Henri Rajbenbach, DG INFSO, <i>Unit Microsystems, Scientific / Technical Project Officer</i><br />
Dr inż. Piotr Grabiec &#8211; <i>Institute of Electron Technology, Warsaw</i><br />
Dr hab. Perła Kacman &#8211; <i>Institute of Physics, Polish Academy of Sciences, Warsaw</i><br />
Dr. Przemysław Sêkalski &#8211; <i>Technical University of Lódz</i><br />
Guests:<br />
Prof. Roger De Keersmaecker, IMEC, Leuven</p>
